 base 4
120332311220
1694345 (base 10) to base 11
a57a94
2338979 (base 10) to base 15
31306e
15c46c (base 16) to base 7
15061003
Convert -6dd39 (base 15) to base 11.
-21a461
What is 4e626 (base 15) in base 10?
251136
What is 222020022202101 (base 3) in base 10?
13941946
3d8089 (base 15) to base 10
2963379
Convert 2d7dad (base 16) to base 15.
3dd52d
Convert -88286 (base 9) to base 11.
-3aaa7
Convert -1671520 (base 8) to base 4.
-1313031100
320420200 (base 5) to base 14
26d07b
Convert -123351 (base 11) to base 4.
-233202321
What is 5313256 (base 9) in base 11?
1672250
What is 42210130 (base 5) in base 7?
2660230
Convert 110224412 (base 5) to base 4.
1310122321
Convert 651210 (base 7) to base 14.
2d407
What is 2219ab (base 12) in base 13?
15caa9
-1024768 (base 9) to base 13
-162632
What is -22c13 (base 14) in base 6?
-1452025
Convert -10213002000 (base 4) to base 11.
-755a1a
Convert -312200220 (base 4) to base 7.
-1616640
85195 (base 10) to base 14
23095
What is -2002233212 (base 4) in base 2?
-10000010101111100110
Convert bdc6 (base 15) to base 9.
61166
What is 10111110011110000000 (base 2) in base 10?
780160
-3331112010 (base 4) to base 8
-3752604
-10638 (base 15) to base 12
-26138
3975466 (base 11) to base 9
13836120
What is 81a2a (base 14) in base 4?
1030030012
What is 1003012 (base 5) in base 10?
16007
Convert -43402 (base 13) to base 10.
-121513
-4304402 (base 5) to base 12
-35b39
What is -127ca (base 14) in base 2?
-1011000110001110
Convert 1bc535 (base 13) to base 4.
2232000031
Convert -111101011011011110000 (base 2) to base 3.
-10210021012022
-111000111100000010011 (base 2) to base 11
-1064844
600cd (base 16) to base 11
249646
1577407 (base 8) to base 6
13454411
What is 526272 (base 9) in base 7?
2442305
What is -152097 (base 12) in base 8?
-1267363
17d5e11 (base 15) to base 12
59a4514
-30513153 (base 7) to base 11
-1497aaa
What is 55761251 (base 8) in base 5?
11041113423
-7701 (base 12) to base 13
-5c71
15055 (base 10) to base 12
8867
What is -2303121 (base 7) in base 12?
-119b90
Convert 11011011010111110110001 (base 2) to base 7.
115046303
Convert 111121212002002 (base 3) to base 11.
40a5979
Convert 11010111001000000111111 (base 2) to base 5.
3301034104
-2001222332 (base 4) to base 14
-db7c2
113431 (base 15) to base 14
17531d
What is 1354241 (base 8) in base 15?
787c7
What is -10222102010 (base 3) in base 7?
-444201
Convert -868d (base 16) to base 11.
-23974
Convert -280076 (base 9) to base 12.
-82913
What is -1110101100101100100110 (base 2) in base 11?
-21a1983
What is -76ccbb (base 16) in base 15?
-a3bcde
What is 121110100012 (base 3) in base 8?
1170524
120023355 (base 6) to base 10
2242871
Convert -10011100021201 (base 3) to base 15.
-232ad4
What is -22011020220 (base 3) in base 14?
-42730
Convert 108941a (base 12) to base 15.
428a17
What is 5513250 (base 6) in base 9?
457123
Convert 3201430130 (base 5) to base 8.
31344511
What is 1273d (base 15) in base 2?
1110011010000000
What is -2002211001221 (base 3) in base 6?
-35545254
What is -14410443 (base 5) in base 2?
-100101100100010001
-435977 (base 14) to base 3
-11021221111110
What is 49b682 (base 14) in base 7?
30330522
Convert 162eac (base 15) to base 12.
439083
Convert -30042023 (base 6) to base 9.
-1527646
48d8d1 (base 14) to base 2
1001100001011000101111
What is -11132101313 (base 5) in base 9?
-25255783
-1025133015 (base 6) to base 12
-378a16b
Convert -7e443 (base 15) to base 9.
-673220
What is 100211200100010 (base 3) in base 8?
23745463
What is 3686566 (base 10) in base 14?
6bd702
What is 3524156 (base 7) in base 10?
443246
What is -17e69 (base 15) in base 12?
-38a23
What is -399c8b (base 13) in base 6?
-45504204
Convert -6bdbcd (base 15) to base 6.
-302331204
Convert 3e49a1 (base 15) to base 4.
23131002313
Convert -20836 (base 15) to base 16.
-192bd
What is -2ac6c0 (base 13) in base 15?
-15cc20
What is 355146 (base 7) in base 12?
31200
-a24095 (base 11) to base 8
-6215244
What is 2218827 (base 11) in base 14?
734290
What is -49203 (base 11) in base 3?
-10121002210
157514a (base 11) to base 15
380d58
1500484 (base 9) to base 11
515447
Convert 202021111 (base 4) to base 11.
96097
Convert 10000101001111000 (base 2) to base 4.
100221320
Convert -4347 (base 11) to base 6.
-42322
Convert 1201001052 (base 6) to base 3.
221101001100012
What is -100029 (base 10) in base 15?
-1e989
What is -3253656 (base 11) in base 13?
-1251229
-1215624 (base 8) to base 7
-2562630
2305331 (base 6) to base 15
24db7
What is -1031223020 (base 4) in base 14?
-83d32
-1403049 (base 11) to base 12
-98842b
d83cd (base 14) to base 10
522129
Convert 2c135 (base 16) to base 7.
1351223
2313033 (base 5) to base 14
11267
Convert -133132014 (base 5) to base 4.
-2211110032
Convert 733678 (base 11) to base 12.
488730
What is 143553 (base 8) in base 7?
301560
Convert -11220220120 (base 3) to base 16.
-17a7b
What is 869671 (base 11) in base 6?
45434421
Convert -112220320200 (base 4) to base 15.
-7c3619
-110256 (base 8) to base 9
-55723
2aa78 (base 15) to base 3
20222102112
What is -1767642 (base 8) in base 15?
-a4183
-57418 (base 12) to base 3
-12220122002
11282aa (base 12) to base 8
14432642
Convert 1280cd (base 14) to base 10.
636789
-16c6c (base 14) to base 9
-86567
-5531163 (base 8) to base 6
-51514243
Convert 6b6cb6 (base 15) to base 6.
302030530
What is -1bc38c3 (base 14) in base 12?
-47b1697
Convert 1111110100010 (base 2) to base 9.
12087
Convert 1151646 (base 7) to base 13.
51c7b
18bb5 (base 16) to base 9
163856
-16ab88 (base 12) to base 4
-1133300120
Convert -2030013310 (base 4) to base 6.
-20145044
What is a8086 (base 12) in base 6?
4424250
Convert 36a83b (base 14) to base 2.
111001001010010000101
Convert 11001010001111111110100 (base 2) to base 7.
110221423
Convert 30286a (base 12) to base 16.
b7652
22000120112002 (base 3) to base 8
20205673
-1122312322 (base 4) to base 2
-1011010110110111010
12772763 (base 8) to base 12
b6b303
-186a420 (base 12) to base 3
-100122001212020
What is -100389 (base 11) in base 15?
-32cc6
Convert 1b2c3 (base 15) to base 4.
111210333
Convert -1006721 (base 9) to base 11.
-337008
Convert 101010010110100110110 (base 2) to base 14.
281aaa
What is 876 (base 12) in base 10?
1242
195a95 (base 13) to base 15
c9e79
533340 (base 7) to base 5
10424232
4243443142 (base 5) to base 2
100010001101100101100011
136634644 (base 7) to base 9
18024651
-151869 (base 10) to base 16
-2513d
What is 1b91197 (base 13) in base 16?
8bee8b
Convert -103992 (base 13) to base 14.
-9c44c
What is -456646 (base 11) in base 12?
-2b02a3
Convert 100000111110111110111 (base 2) to base 4.
10013313313
What is -225c82 (base 16) in base 8?
-10456202
1a1581 (base 12) to base 11
293724
-1101111110010110111011 (base 2) to base 6
-210303403
Convert 3101102213 (base 4) to base 16.
d14a7
53c836 (base 14) to base 9
5306226
What is -1195711 (base 10) in base 3?
-2020202012121
100001110101011110111 (base 2) to base 4
10032223313
What is 17847b5 (base 12) in base 7?
56443553
What is -37407551 (base 9) in base 4?
-1011312121120
Convert -166031 (base 11) to base 12.
-104819
2aa125 (base 14) to base 9
2716382
173792 (base 13) to base 15
b68c8
What is 391a6 (base 12) in base 5?
4444110
Convert 10010001100111000000 (base 2) to base 8.
2214700
Convert 102220111010 (base 3) to base 9.
386433
What is 1311221300 (base 4) in base 16?
75a70
What is -1111111011011111100 (base 2) in base 11?
-327198
Convert 4c400c (base 14) to base 16.
28072c
What is -3abb2 (base 12) in base 15?
-190db
What is -11132114 (base 6) in base 5?
-41314414
-110110111011011100 (base 2) to base 16
-36edc
Convert c7e6 (base 15) to base 12.
20583
-42a4a3 (base 13) to base 7
-16205616
What is 1010010000100011010011 (base 2) in base 11?
157750a
Convert 2351000 (base 7) to base 16.
48c53
What is 238801 (base 9) in base 15?
2cb27
-11101111111011010 (base 2) to base 4
-131333122
What is -1533240 (base 6) in base 4?
-112000320
600140 (base 7) to base 11
69905
What is 21011201111201 (base 3) in base 8?
16427260
1a8763 (base 12) to base 15
948b9
What is -29a042c (base 13) in base 7?
-220614543
-846872 (base 9) to base 15
-9e3b8
Convert -4410014 (base 5) to base 13.
-28570
Convert 51659b (base 13) to base 2.
111001111101010101101
-658b03 (base 13) to base 16
-2477f1
Convert -